e
Let t(l) be the second derivative of l**4/24 + 145*l**3/6 - 4*l**2 + l. Let z(p) be the first derivative of t(p). Is z(0) a composite number?
True
Suppose 6*h - 3123414 = -48*h. Is h a composite number?
True
Let f(t) = 10*t**2 + 103*t - 67. Is f(-44) prime?
False
Suppose 2*p - 3379 - 2579 = 0. Suppose -3*g + p = -0*g. Is g a prime number?
False
Let k be (-8)/48 - (-25)/6. Suppose -5*m - 3*g = -3480, 4*m + m = k*g + 3515. Is m a prime number?
False
Let c = 13 - 8. Suppose -c*l + 4*l = -2*x - 13, 8 = -4*l - 4*x. Suppose -4*d - 207 - 10 = -l*g, d + 390 = 5*g. Is g a composite number?
False
Let g = 6272 + -3485. Is g composite?
True
Let a be 3/((-3)/7)*13. Let x = 796 - a. Is x composite?
False
Suppose 0 = 49*l - 720525 + 9976. Is l composite?
True
Let n be 2/1 + -3 - -6. Suppose -y + 2*w + 0 = -8, -5*y - n*w + 40 = 0. Suppose -4*t + y*t = 1916. Is t a composite number?
False
Suppose 17*u + 1430 = 971. Let m be (25 - -1)/(2/151). Is (-18)/u + m/3 prime?
False
Suppose 26*o - 360925 = o. Is o prime?
True
Suppose -4*s - 3*d = -5, 4*d = -32 + 12. Suppose f - s - 30 = 0. Is f composite?
True
Let t(g) = -2739*g + 8. Is t(-1) composite?
True
Suppose -5*b + 2220 - 220 = 0. Let t = -3 + b. Is t a composite number?
False
Suppose -2*s = -2*m - 3 + 1, -2*m + s = -3. Suppose 4*h + 4583 = x, -m*x + 3788 + 14607 = 5*h. Is x a composite number?
True
Let s = -5611 + 11592. Is s prime?
True
Let q = 5469 - -7192. Is q a composite number?
True
Suppose 4*m = -5*b + 28060, -3*b + 6057 + 22011 = 4*m. Suppose 0 = 5*o - 0*g + 5*g - m, -2803 = -2*o - g. Is o composite?
False
Suppose 2*l - 24 = -2*z, -3*l + 31 = 3*z - l. Suppose z*c = 5*c + 662. Is c prime?
True
Let t(n) = n**3 - 10*n + 0*n**2 + 23*n + 1 - 5*n**2 - 5*n**2. Is t(10) a prime number?
True
Let j be 12*((-10)/6 + 3). Let l be (j/(-8))/((-4)/1570). Suppose 0 = 2*r + 3*r - l. Is r a prime number?
True
Suppose -106*h + 38755 = -101*h. Is h prime?
False
Suppose -5*p - 3*j = -0*p + 394, 2*j - 148 = 2*p. Let d(n) = -n**3 - 6*n**2 - 5*n + 3. Let r be d(-5). Is -3*p/r + 2 prime?
True
Let b = 5 - 9. Let a(l) = -1 + 17*l**3 - 4*l**2 - 4*l - 19*l**3 - 2*l. Is a(b) a prime number?
False
Let f(s) = 24*s**3 - 15*s**2 + 12*s - 28. Is f(9) composite?
False
Let s(w) = 7*w**2 + 5*w - 3. Suppose -3*l - 5*o = 17, 0 = -0*l + 2*l + o + 9. Is s(l) prime?
True
Suppose -2*t - 2*v = -3*v, 4*t - v = 0. Suppose t = 11*d - 182 - 632. Is d a composite number?
True
Suppose 410*j = 406*j + 116344. Is j a composite number?
True
Let j(r) = r**2 + 18*r - 25. Let c be j(-17). Is 3512/14 - 6/c prime?
True
Let q = 322 + -115. Suppose -4*o = -7*o + q. Suppose -35 = -3*j - 4*x - 12, 0 = 5*j - x - o. Is j a composite number?
False
Let x be -2*15/(-20)*2. Let i(j) = j**3 + j**2 + j + 5. Let c be i(0). Suppose -n + 5*y + 1037 = 2*n, c*n = -x*y + 1683. Is n a composite number?
True
Let q(l) = -99*l + 71. Is q(-29) a prime number?
False
Let x = 1560 - -943. Is x composite?
False
Suppose 10*s - 9*s = 12. Let o = s + 47. Is o composite?
False
Let q = 64 + -58. Suppose 5*l + q = 3*l, 3*l = x - 382. Is x prime?
True
Let a be 4105 - (-1)/3*3. Suppose -3*f + a = -265. Is f a prime number?
False
Let y = 1080 - -1627. Is (-1)/(y/677 - 4) composite?
False
Suppose -5*o + 1931 = -529. Suppose 259 = r - o. Is r composite?
False
Suppose -5*j + 2359 = 3*v, 3*v - 278 - 189 = -j. Is j composite?
True
Let i = 8 - 7. Let b(d) = -5*d**2 - 4 + 85*d**2 + 3. Is b(i) prime?
True
Suppose 21*i + 166490 = 31*i. Is i composite?
False
Let j(z) = 9*z**2 + 4*z + 2. Let o be j(-4). Suppose -4*y + 834 + o = 0. Suppose 5*h - y = 694. Is h a composite number?
True
Let c(x) = 14*x**2 - 13*x. Let t(d) = -d - 1. Let a(m) = c(m) - 6*t(m). Is a(4) a prime number?
False
Let p = 1586 - -1757. Is p composite?
False
Let s = 8 - -1081. Let w = -750 + s. Is w prime?
False
Is (-21)/(2268/(-892824)) + (-1)/(-9) a prime number?
False
Suppose 0 = -i + 6*i - 2*g - 24, 2*i + 4*g = 0. Suppose 0 = -i*o + 2462 - 378. Is o composite?
False
Suppose 2 - 8 = -2*y. Suppose -12 - y = 5*l, -2*a - 5*l = -431. Is a a composite number?
False
Suppose -75 = -9*g + 6*g. Suppose -y - g = -z - 94, 5*y - 349 = 3*z. Is y composite?
False
Let d = 23386 + -5843. Is d a prime number?
False
Suppose -4*i - 108 = -188. Let c(l) = 2*l**2 - 28*l - 17. Is c(i) composite?
False
Let h(q) = 24*q**2 - 8*q + 14. Is h(18) a prime number?
False
Suppose 2*a - 2754 = 3464. Is a composite?
False
Let w = 3197 - -162. Suppose -w = -2*i - 1353. Is i prime?
False
Let y(b) = 1285*b - 1. Let f be y(-6). Suppose 162*k = 167*k + 55. Is (2 - 1)/(k/f) a composite number?
False
Let u be (-2 + -1)*10360/(-30). Suppose -13*d - 35 + u = 0. Is d a composite number?
True
Suppose -5*p + 21136 = 2*c, -5*c - 8*p + 52863 = -7*p. Is c composite?
True
Suppose -12*r + 27*r - 628305 = 0. Is r prime?
True
Let f(d) = 31*d**2 - 4*d + 8. Is f(5) composite?
True
Let z(r) = 2*r**2 - 13*r - 11. Let p(n) = n + 19. Suppose 0 = -f - 4*f + 2*q - 39, 5*f + 5*q + 60 = 0. Let c be p(f). Is z(c) composite?
False
Let m be 10972/(-20) + (-4)/10. Let n = m - -281. Is n/(-2)*(-10)/(-20) prime?
True
Suppose k + 3*k = -u + 23, -2*k + 16 = 2*u. Suppose -583 + 2618 = k*c. Suppose 0 = 5*s - 4*a - c, -a + 3*a - 4 = 0. Is s a composite number?
False
Suppose 5*p - 3*j - 425 = 104711, -2*p + 4*j = -42060. Is p a prime number?
False
Let a(m) = 344*m**2 - m - 1. Let d be a(-1). Suppose r - d = 1772. Is r/20 + 1/5 prime?
False
Let q be (-2 - (-5)/(-20))*-40. Let f = 163 + q. Is f a composite number?
True
Suppose -14*z = -11*z - 3369. Is z composite?
False
Let o = -959 - -2431. Let u = o - 771. Is u composite?
False
Let m be (-3)/(-1) + (-19)/(95/(-600)). Let p = 368 + m. Is p composite?
False
Is (-13258)/(-1) + -6 + 7 a prime number?
True
Suppose 2*a + 26 = 4*a. Is a composite?
False
Let y be ((-10)/10)/((-2)/16). Let p(t) be the third derivative of t**5/30 + 11*t**4/24 + 7*t**3/6 + 5*t**2. Is p(y) composite?
False
Let c = 20560 - 8967. Is c prime?
True
Suppose 4*n - 1 = 5*n. Let t be (-2751)/(-15) + 2 + 15/25. Is -1 + t + 1 + n prime?
False
Let o(j) = -2*j - 3. Let h be o(-5). Suppose 2*t = 2*m + h*t - 1701, 4*m - 3*t = 3337. Is (m/3)/((-40)/(-60)) a composite number?
False
Suppose f + w + 4*w = -5, -5*w - 15 = -f. Suppose 0 = -4*b - f*z + 1824, 5*z + 670 = 4*b - 1114. Is b composite?
True
Suppose 16 = -v + 4*v + 4*l, -5*v = 4*l - 16. Suppose -m + v*m - 4*j = -787, 1618 = 2*m - 3*j. Is m composite?
True
Let h be (6/(-15))/((-2)/(-5830)). Is (h/4)/(9/(-18)) prime?
False
Suppose 3*w = -5*y + 241229, 2*y = -4*w - 10422 + 332042. Is w prime?
False
Is 454/2*(22/1 + -5) a composite number?
True
Let q be (-5)/((-10)/8) + 0. Let i(c) = -c**2 + 4*c + 2. Let w be i(q). Suppose -5*h - w*t = -64, t = h - 2*t - 23. Is h composite?
True
Suppose -4*n + 0*n + 280 = 0. Let i = n - -57. Is i a prime number?
True
Suppose 0 = -5*v + 3*z + 662, -4 = z - 5. Let q = v - 59. Is q a prime number?
False
Let u(w) = 27330*w**2 - 7*w - 8. Is u(-1) composite?
False
Suppose -30777 - 66265 = -22*r. Is r prime?
False
Is (114/10)/(12/33860) a prime number?
False
Let m(z) = -z**3 - 5*z**2 - 6*z - 6. Let k be m(-4). Let g be 25/6 - k/12. Suppose -g*r + 252 = -412. Is r a composite number?
True
Let w = 1832 - 1214. Suppose w = -28*p + 34*p. Is p a prime number?
True
Let h(c) = c**2 - 8*c - 22. Let g = -47 + 30. Is h(g) composite?
True
Let t be 2691/18 + (1/2 - 1). Let r = 12 + t. Is r composite?
True
Let u(w) = 22*w**2 + 24*w - 137. Is u(14) a composite number?
True
Let v(r) = -3*r**2 + 2*r + 15. Let k be v(-12). Is (-8)/(-2) - (k + 6) prime?
True
Let n be 2 + 2 - (-6)/(-3). Suppose n*v - 373 = 609. Is v a prime number?
True
Let u(x) = -140305*x + 8. Let w be u(2). Is w/(-98) + (-4)/14 composite?
True
Let g be ((-10)/(-2) - -2) + -3. Suppose 33 = g*o - 3*o. Is o composite?
True
Suppose -17*t + 16*t - 9 = 0. Let z(j) = j**2 - 6*j + 2. Let g be z(6). Is g/(-3) + (-285)/t prime?
True
Let j(b) = 222*b + 7. Let f be (1 - (-8)/(-2)) + -5. Let k = f - -13. Is j(k) a composite number?
False
Let n = 43 - 38. Let g(w) = 5*w**2. Let v be g(1). Suppose o + 346 = 3*k, -n*o = v*k + 134 - 704. Is k a composite number?
True
Let x(f) = 44*f**2 + 17*f + 163. Is x(-14) a composite number?
True
Let q(l) = 382*l + 5. Let w(u) = -2*u**2 - 9*u + 8. 